{"id":6698,"date":"2018-08-03T08:44:05","date_gmt":"2018-08-03T08:44:05","guid":{"rendered":"http:\/\/labtechco.themestek.com\/?page_id=6698"},"modified":"2020-10-27T05:12:05","modified_gmt":"2020-10-27T05:12:05","slug":"services","status":"publish","type":"page","link":"https:\/\/corporateservicesv.com\/web\/services\/","title":{"rendered":"Services"},"content":{"rendered":"<p>[vc_row][vc_column]<div class=\"themestek-boxes themestek-boxes-service themestek-boxes-view-default themestek-boxes-col-three themestek-boxes-sortable-no themestek-boxes-textalign-center themestek-boxes-sortablebutton-\">\r\n\t\t<div class=\"themestek-boxes-inner themestek-boxes-service-inner \">\r\n\t\t\t\r\n\t\t\t<div class=\"row multi-columns-row themestek-boxes-row-wrapper\">\r\n\t\t\t\t<div class=\"themestek-box-col-wrapper col-lg-4 col-sm-6 col-md-4 col-xs-12 \"><article class=\"themestek-box themestek-box-service themestek-servicebox-style-3\">\n\t<div class=\"themestek-post-item\">\n\t\t<div class=\"themestek-box-content\">\n            <div class=\"themestek-box-content-inner\">\n\t\t\t\t<div class=\"themestek-pf-box-title\">\n\t\t\t\t\t<div class=\"ts-ihbox-icon\">\n\t\t\t\t\t\t<i class=\"fa fa-user-plus\"><\/i>\t\t\t\t\t<\/div>\n\t\t\t\t\t<h3><a href=\"https:\/\/corporateservicesv.com\/web\/service\/residential-cleaning\/\">Outourcing de Limpieza<\/a><\/h3>\n\t\t\t\t\t\t\t\t\t\t<div class=\"themestek-service-content\"><p>Recurso humano profesional para su organizaci\u00f3n<\/p>\n<\/div>\n\t\t\t\t\t\t\t\t\t\n\t\t\t\t<\/div> \n\t\t\t<\/div>\t\t\n\t\t<\/div>\n\t<\/div>\n<\/article><\/div><div class=\"themestek-box-col-wrapper col-lg-4 col-sm-6 col-md-4 col-xs-12 \"><article class=\"themestek-box themestek-box-service themestek-servicebox-style-3\">\n\t<div class=\"themestek-post-item\">\n\t\t<div class=\"themestek-box-content\">\n            <div class=\"themestek-box-content-inner\">\n\t\t\t\t<div class=\"themestek-pf-box-title\">\n\t\t\t\t\t<div class=\"ts-ihbox-icon\">\n\t\t\t\t\t\t<i class=\"fa fa-users\"><\/i>\t\t\t\t\t<\/div>\n\t\t\t\t\t<h3><a href=\"https:\/\/corporateservicesv.com\/web\/service\/commercial-cleaning\/\">Selecci\u00f3n de Personal<\/a><\/h3>\n\t\t\t\t\t\t\t\t\t\t<div class=\"themestek-service-content\"><p>Servicio de selecci\u00f3n de personal de acuerdo a sus necesidades.<\/p>\n<\/div>\n\t\t\t\t\t\t\t\t\t\n\t\t\t\t<\/div> \n\t\t\t<\/div>\t\t\n\t\t<\/div>\n\t<\/div>\n<\/article><\/div><div class=\"themestek-box-col-wrapper col-lg-4 col-sm-6 col-md-4 col-xs-12 \"><article class=\"themestek-box themestek-box-service themestek-servicebox-style-3\">\n\t<div class=\"themestek-post-item\">\n\t\t<div class=\"themestek-box-content\">\n            <div class=\"themestek-box-content-inner\">\n\t\t\t\t<div class=\"themestek-pf-box-title\">\n\t\t\t\t\t<div class=\"ts-ihbox-icon\">\n\t\t\t\t\t\t<i class=\"fa fa-money\"><\/i>\t\t\t\t\t<\/div>\n\t\t\t\t\t<h3><a href=\"https:\/\/corporateservicesv.com\/web\/service\/after-renovation\/\">Administraci\u00f3n de Planilla<\/a><\/h3>\n\t\t\t\t\t\t\t\t\t\t<div class=\"themestek-service-content\"><p>Administraci\u00f3n de n\u00f3mina para su organizaci\u00f3n<\/p>\n<\/div>\n\t\t\t\t\t\t\t\t\t\n\t\t\t\t<\/div> \n\t\t\t<\/div>\t\t\n\t\t<\/div>\n\t<\/div>\n<\/article><\/div>\r\n\t\t\t<\/div>\r\n\t\t<\/div><!-- .themestek-boxes-inner -->   <\/div><!-- .themestek-boxes -->  [\/vc_column][\/vc_row][vc_row][vc_column]<div class=\"themestek-single-image-wrapper themestek_align_center \"><div class=\"themestek-single-image-img-w\"><img src=\"https:\/\/corporateservicesv.com\/web\/wp-content\/uploads\/2020\/10\/serviciso.jpg\" class=\"themestek-single-image-img\" alt=\"\" \/><\/div><\/div>[\/vc_column][\/vc_row]<\/p>\n","protected":false},"excerpt":{"rendered":"<p>[vc_row][vc_column][\/vc_column][\/vc_row][vc_row][vc_column][\/vc_column][\/vc_row]<\/p>\n","protected":false},"author":1,"featured_media":0,"parent":0,"menu_order":15,"comment_status":"closed","ping_status":"closed","template":"","meta":[],"_links":{"self":[{"href":"https:\/\/corporateservicesv.com\/web\/wp-json\/wp\/v2\/pages\/6698"}],"collection":[{"href":"https:\/\/corporateservicesv.com\/web\/wp-json\/wp\/v2\/pages"}],"about":[{"href":"https:\/\/corporateservicesv.com\/web\/wp-json\/wp\/v2\/types\/page"}],"author":[{"embeddable":true,"href":"https:\/\/corporateservicesv.com\/web\/wp-json\/wp\/v2\/users\/1"}],"replies":[{"embeddable":true,"href":"https:\/\/corporateservicesv.com\/web\/wp-json\/wp\/v2\/comments?post=6698"}],"version-history":[{"count":9,"href":"https:\/\/corporateservicesv.com\/web\/wp-json\/wp\/v2\/pages\/6698\/revisions"}],"predecessor-version":[{"id":10749,"href":"https:\/\/corporateservicesv.com\/web\/wp-json\/wp\/v2\/pages\/6698\/revisions\/10749"}],"wp:attachment":[{"href":"https:\/\/corporateservicesv.com\/web\/wp-json\/wp\/v2\/media?parent=6698"}],"curies":[{"name":"wp","href":"https:\/\/api.w.org\/{rel}","templated":true}]}}