{"id":10702,"date":"2020-10-27T03:11:21","date_gmt":"2020-10-27T03:11:21","guid":{"rendered":"https:\/\/corporateservicesv.com\/web\/?page_id=10702"},"modified":"2020-10-27T05:38:04","modified_gmt":"2020-10-27T05:38:04","slug":"inicio","status":"publish","type":"page","link":"https:\/\/corporateservicesv.com\/web\/","title":{"rendered":"Homepage"},"content":{"rendered":"<p>[vc_row themestek_bgimage_position=\u00bbcenter_bottom\u00bb full_width=\u00bbstretch_row\u00bb gap=\u00bb0px\u00bb css=\u00bb.vc_custom_1558587223426{padding-bottom: 120px !important;background-image: url(http:\/\/cleaninco.themestek2.com\/wp-content\/uploads\/2019\/05\/bg-07.png?id=10216) !important;background-position: 0 0 !important;background-repeat: no-repeat !important;}\u00bb el_class=\u00bbthemestek-servicebox-style-1-main\u00bb themestek_responsive_css=\u00bb60902714|colbreak_no|||||||||colbreak_no|||||||70||colbreak_no|||||||40|||colbreak_no|||||||||\u00bb][vc_column]<div class=\"themestek-boxes themestek-boxes-service themestek-boxes-view-default themestek-boxes-col-three themestek-boxes-sortable-no themestek-boxes-textalign-center themestek-boxes-sortablebutton-\">\r\n\t\t<div class=\"themestek-boxes-inner themestek-boxes-service-inner \"><div class=\"themestek-box-heading-wrapper themestek-element-align-center\"><div class=\"themestek-element-heading-wrapper themestek-heading-inner themestek-element-align-center themestek-seperator-none \"><section class=\"themestek-vc_cta3-container\"><div class=\"themestek-vc_general themestek-vc_cta3 themestek-cta3-only themestek-vc_cta3-style-classic themestek-vc_cta3-shape-rounded themestek-vc_cta3-align-center themestek-vc_cta3-color-transparent themestek-vc_cta3-icon-size-md themestek-vc_cta3-actions-no themestek-cta3-without-desc\"><div class=\"themestek-vc_cta3_content-container\"><div class=\"themestek-vc_cta3-content\"><div class=\"themestek-vc_cta3-content-header themestek-wrap\"><div class=\"themestek-vc_cta3-headers themestek-wrap-cell\"><h4 class=\"themestek-custom-heading \" >Nuestros Servicios<\/h4>\n<h2 class=\"themestek-custom-heading \" >Corporate Service<\/h2>\n<\/div><\/div><\/div><\/div><\/div><\/section><\/div> <!-- .themestek-element-heading-wrapper container --> <\/div> <!-- .themestek-element-heading-wrapper container --> \r\n\t\t\t\r\n\t\t\t<div class=\"row multi-columns-row themestek-boxes-row-wrapper\">\r\n\t\t\t\t<div class=\"themestek-box-col-wrapper col-lg-4 col-sm-6 col-md-4 col-xs-12 \"><article class=\"themestek-box themestek-box-service themestek-servicebox-style-3\">\n\t<div class=\"themestek-post-item\">\n\t\t<div class=\"themestek-box-content\">\n            <div class=\"themestek-box-content-inner\">\n\t\t\t\t<div class=\"themestek-pf-box-title\">\n\t\t\t\t\t<div class=\"ts-ihbox-icon\">\n\t\t\t\t\t\t<i class=\"fa fa-user-plus\"><\/i>\t\t\t\t\t<\/div>\n\t\t\t\t\t<h3><a href=\"https:\/\/corporateservicesv.com\/web\/service\/residential-cleaning\/\">Outourcing de Limpieza<\/a><\/h3>\n\t\t\t\t\t\t\t\t\t\t<div class=\"themestek-service-content\"><p>Recurso humano profesional para su organizaci\u00f3n<\/p>\n<\/div>\n\t\t\t\t\t\t\t\t\t\n\t\t\t\t<\/div> \n\t\t\t<\/div>\t\t\n\t\t<\/div>\n\t<\/div>\n<\/article><\/div><div class=\"themestek-box-col-wrapper col-lg-4 col-sm-6 col-md-4 col-xs-12 \"><article class=\"themestek-box themestek-box-service themestek-servicebox-style-3\">\n\t<div class=\"themestek-post-item\">\n\t\t<div class=\"themestek-box-content\">\n            <div class=\"themestek-box-content-inner\">\n\t\t\t\t<div class=\"themestek-pf-box-title\">\n\t\t\t\t\t<div class=\"ts-ihbox-icon\">\n\t\t\t\t\t\t<i class=\"fa fa-users\"><\/i>\t\t\t\t\t<\/div>\n\t\t\t\t\t<h3><a href=\"https:\/\/corporateservicesv.com\/web\/service\/commercial-cleaning\/\">Selecci\u00f3n de Personal<\/a><\/h3>\n\t\t\t\t\t\t\t\t\t\t<div class=\"themestek-service-content\"><p>Servicio de selecci\u00f3n de personal de acuerdo a sus necesidades.<\/p>\n<\/div>\n\t\t\t\t\t\t\t\t\t\n\t\t\t\t<\/div> \n\t\t\t<\/div>\t\t\n\t\t<\/div>\n\t<\/div>\n<\/article><\/div><div class=\"themestek-box-col-wrapper col-lg-4 col-sm-6 col-md-4 col-xs-12 \"><article class=\"themestek-box themestek-box-service themestek-servicebox-style-3\">\n\t<div class=\"themestek-post-item\">\n\t\t<div class=\"themestek-box-content\">\n            <div class=\"themestek-box-content-inner\">\n\t\t\t\t<div class=\"themestek-pf-box-title\">\n\t\t\t\t\t<div class=\"ts-ihbox-icon\">\n\t\t\t\t\t\t<i class=\"fa fa-money\"><\/i>\t\t\t\t\t<\/div>\n\t\t\t\t\t<h3><a href=\"https:\/\/corporateservicesv.com\/web\/service\/after-renovation\/\">Administraci\u00f3n de Planilla<\/a><\/h3>\n\t\t\t\t\t\t\t\t\t\t<div class=\"themestek-service-content\"><p>Administraci\u00f3n de n\u00f3mina para su organizaci\u00f3n<\/p>\n<\/div>\n\t\t\t\t\t\t\t\t\t\n\t\t\t\t<\/div> \n\t\t\t<\/div>\t\t\n\t\t<\/div>\n\t<\/div>\n<\/article><\/div>\r\n\t\t\t<\/div>\r\n\t\t<\/div><!-- .themestek-boxes-inner -->   <\/div><!-- .themestek-boxes -->  [\/vc_column][\/vc_row][vc_row full_width=\u00bbstretch_row\u00bb css=\u00bb.vc_custom_1557487300803{border-top-width: 1px !important;border-bottom-width: 1px !important;padding-top: 50px !important;border-top-color: #e5eff7 !important;border-top-style: solid !important;border-bottom-color: #e5eff7 !important;border-bottom-style: solid !important;}\u00bb][vc_column]<div class=\"themestek-boxes themestek-boxes-client themestek-boxes-view-carousel themestek-boxes-col-five themestek-boxes-sortable-no themestek-boxes-textalign-center themestek-boxes-sortablebutton- themestek-boxes-carousel-arrows-above themestek-boxes-txtalign-center\" data-themestek-speed=\"1500\" data-themestek-autoplay=\"1\" data-themestek-autoplayspeed=\"4500\" data-themestek-loop=\"1\" data-themestek-dots=\"0\" data-themestek-nav=\"above\" data-themestek-centermode=\"0\" data-themestek-pauseonfocus=\"1\" data-themestek-pauseonhover=\"1\" data-themestek-slidestoscroll=\"column\" data-themestek-effecttype=\"slide\">\r\n\t\t<div class=\"themestek-boxes-inner themestek-boxes-client-inner \">\r\n\t\t\t\r\n\t\t\t<div class=\"row multi-columns-row themestek-boxes-row-wrapper\">\r\n\t\t\t\t<div class=\"themestek-box-col-wrapper col-lg-20percent col-sm-4 col-md-4 col-xs-12 \"><div class=\"themestek-client-logo-box-w\"><div class=\"themestek-client-logo-tooltip\" data-tooltip=\"Ventus\"><div class=\"themestek-box themestek-box-client themestek-clientbox-style-1 \">\n\t\r\n\t\t<span class=\"themestek-item-thumbnail\">\r\n\t\t\t<span class=\"themestek-item-thumbnail-inner\">\r\n\t\t\t\t<img width=\"185\" height=\"137\" src=\"https:\/\/corporateservicesv.com\/web\/wp-content\/uploads\/2018\/12\/ventus.jpg\" class=\"attachment-full size-full wp-post-image\" alt=\"\" \/>\r\n\t\t\t<\/span>\r\n\t\t<\/span>\t<\/div><\/div><\/div><!-- .themestek-client-logo-box-w --> <\/div><div class=\"themestek-box-col-wrapper col-lg-20percent col-sm-4 col-md-4 col-xs-12 \"><div class=\"themestek-client-logo-box-w\"><div class=\"themestek-client-logo-tooltip\" data-tooltip=\"MT2005\"><div class=\"themestek-box themestek-box-client themestek-clientbox-style-1 \">\n\t\r\n\t\t<span class=\"themestek-item-thumbnail\">\r\n\t\t\t<span class=\"themestek-item-thumbnail-inner\">\r\n\t\t\t\t<img width=\"185\" height=\"137\" src=\"https:\/\/corporateservicesv.com\/web\/wp-content\/uploads\/2018\/12\/mt2005.jpg\" class=\"attachment-full size-full wp-post-image\" alt=\"\" \/>\r\n\t\t\t<\/span>\r\n\t\t<\/span>\t<\/div><\/div><\/div><!-- .themestek-client-logo-box-w --> <\/div><div class=\"themestek-box-col-wrapper col-lg-20percent col-sm-4 col-md-4 col-xs-12 \"><div class=\"themestek-client-logo-box-w\"><div class=\"themestek-client-logo-tooltip\" data-tooltip=\"Mead Johnson\"><div class=\"themestek-box themestek-box-client themestek-clientbox-style-1 \">\n\t\r\n\t\t<span class=\"themestek-item-thumbnail\">\r\n\t\t\t<span class=\"themestek-item-thumbnail-inner\">\r\n\t\t\t\t<img width=\"185\" height=\"137\" src=\"https:\/\/corporateservicesv.com\/web\/wp-content\/uploads\/2018\/12\/meadjohnson.jpg\" class=\"attachment-full size-full wp-post-image\" alt=\"\" \/>\r\n\t\t\t<\/span>\r\n\t\t<\/span>\t<\/div><\/div><\/div><!-- .themestek-client-logo-box-w --> <\/div><div class=\"themestek-box-col-wrapper col-lg-20percent col-sm-4 col-md-4 col-xs-12 \"><div class=\"themestek-client-logo-box-w\"><div class=\"themestek-client-logo-tooltip\" data-tooltip=\"ISDA\"><div class=\"themestek-box themestek-box-client themestek-clientbox-style-1 \">\n\t\r\n\t\t<span class=\"themestek-item-thumbnail\">\r\n\t\t\t<span class=\"themestek-item-thumbnail-inner\">\r\n\t\t\t\t<img width=\"185\" height=\"137\" src=\"https:\/\/corporateservicesv.com\/web\/wp-content\/uploads\/2018\/12\/isda.jpg\" class=\"attachment-full size-full wp-post-image\" alt=\"\" \/>\r\n\t\t\t<\/span>\r\n\t\t<\/span>\t<\/div><\/div><\/div><!-- .themestek-client-logo-box-w --> <\/div><div class=\"themestek-box-col-wrapper col-lg-20percent col-sm-4 col-md-4 col-xs-12 \"><div class=\"themestek-client-logo-box-w\"><div class=\"themestek-client-logo-tooltip\" data-tooltip=\"ACL Group\"><div class=\"themestek-box themestek-box-client themestek-clientbox-style-1 \">\n\t\r\n\t\t<span class=\"themestek-item-thumbnail\">\r\n\t\t\t<span class=\"themestek-item-thumbnail-inner\">\r\n\t\t\t\t<img width=\"185\" height=\"137\" src=\"https:\/\/corporateservicesv.com\/web\/wp-content\/uploads\/2018\/12\/acl.jpg\" class=\"attachment-full size-full wp-post-image\" alt=\"\" \/>\r\n\t\t\t<\/span>\r\n\t\t<\/span>\t<\/div><\/div><\/div><!-- .themestek-client-logo-box-w --> <\/div><div class=\"themestek-box-col-wrapper col-lg-20percent col-sm-4 col-md-4 col-xs-12 \"><div class=\"themestek-client-logo-box-w\"><div class=\"themestek-client-logo-tooltip\" data-tooltip=\"BEMISAL\"><div class=\"themestek-box themestek-box-client themestek-clientbox-style-1 \">\n\t\r\n\t\t<span class=\"themestek-item-thumbnail\">\r\n\t\t\t<span class=\"themestek-item-thumbnail-inner\">\r\n\t\t\t\t<img width=\"185\" height=\"137\" src=\"https:\/\/corporateservicesv.com\/web\/wp-content\/uploads\/2018\/12\/bemisal.jpg\" class=\"attachment-full size-full wp-post-image\" alt=\"\" \/>\r\n\t\t\t<\/span>\r\n\t\t<\/span>\t<\/div><\/div><\/div><!-- .themestek-client-logo-box-w --> <\/div><div class=\"themestek-box-col-wrapper col-lg-20percent col-sm-4 col-md-4 col-xs-12 \"><div class=\"themestek-client-logo-box-w\"><div class=\"themestek-client-logo-tooltip\" data-tooltip=\"All American Travel\"><div class=\"themestek-box themestek-box-client themestek-clientbox-style-1 \">\n\t\r\n\t\t<span class=\"themestek-item-thumbnail\">\r\n\t\t\t<span class=\"themestek-item-thumbnail-inner\">\r\n\t\t\t\t<img width=\"185\" height=\"137\" src=\"https:\/\/corporateservicesv.com\/web\/wp-content\/uploads\/2018\/12\/allamerican.jpg\" class=\"attachment-full size-full wp-post-image\" alt=\"\" \/>\r\n\t\t\t<\/span>\r\n\t\t<\/span>\t<\/div><\/div><\/div><!-- .themestek-client-logo-box-w --> <\/div><div class=\"themestek-box-col-wrapper col-lg-20percent col-sm-4 col-md-4 col-xs-12 \"><div class=\"themestek-client-logo-box-w\"><div class=\"themestek-client-logo-tooltip\" data-tooltip=\"IBI\"><div class=\"themestek-box themestek-box-client themestek-clientbox-style-1 \">\n\t\r\n\t\t<span class=\"themestek-item-thumbnail\">\r\n\t\t\t<span class=\"themestek-item-thumbnail-inner\">\r\n\t\t\t\t<img width=\"185\" height=\"137\" src=\"https:\/\/corporateservicesv.com\/web\/wp-content\/uploads\/2018\/12\/ibi.jpg\" class=\"attachment-full size-full wp-post-image\" alt=\"\" \/>\r\n\t\t\t<\/span>\r\n\t\t<\/span>\t<\/div><\/div><\/div><!-- .themestek-client-logo-box-w --> <\/div><div class=\"themestek-box-col-wrapper col-lg-20percent col-sm-4 col-md-4 col-xs-12 \"><div class=\"themestek-client-logo-box-w\"><div class=\"themestek-client-logo-tooltip\" data-tooltip=\"INTRADESA\"><div class=\"themestek-box themestek-box-client themestek-clientbox-style-1 \">\n\t\r\n\t\t<span class=\"themestek-item-thumbnail\">\r\n\t\t\t<span class=\"themestek-item-thumbnail-inner\">\r\n\t\t\t\t<img width=\"185\" height=\"137\" src=\"https:\/\/corporateservicesv.com\/web\/wp-content\/uploads\/2018\/12\/intradesa.jpg\" class=\"attachment-full size-full wp-post-image\" alt=\"\" \/>\r\n\t\t\t<\/span>\r\n\t\t<\/span>\t<\/div><\/div><\/div><!-- .themestek-client-logo-box-w --> <\/div><div class=\"themestek-box-col-wrapper col-lg-20percent col-sm-4 col-md-4 col-xs-12 \"><div class=\"themestek-client-logo-box-w\"><div class=\"themestek-client-logo-tooltip\" data-tooltip=\"King Ocean Services\"><div class=\"themestek-box themestek-box-client themestek-clientbox-style-1 \">\n\t\r\n\t\t<span class=\"themestek-item-thumbnail\">\r\n\t\t\t<span class=\"themestek-item-thumbnail-inner\">\r\n\t\t\t\t<img width=\"185\" height=\"137\" src=\"https:\/\/corporateservicesv.com\/web\/wp-content\/uploads\/2018\/12\/kingocean.jpg\" class=\"attachment-full size-full wp-post-image\" alt=\"\" \/>\r\n\t\t\t<\/span>\r\n\t\t<\/span>\t<\/div><\/div><\/div><!-- .themestek-client-logo-box-w --> <\/div>\r\n\t\t\t<\/div>\r\n\t\t<\/div><!-- .themestek-boxes-inner -->   <\/div><!-- .themestek-boxes -->  [\/vc_column][\/vc_row][vc_row themestek_textcolor=\u00bbwhite\u00bb full_width=\u00bbstretch_row\u00bb equal_height=\u00bbyes\u00bb css=\u00bb.vc_custom_1557487815381{padding-top: 71px !important;padding-bottom: 50px !important;background-image: url(http:\/\/cleaninco.themestek2.com\/wp-content\/uploads\/2019\/04\/bg-img.png?id=9388) !important;background-position: center !important;background-repeat: no-repeat !important;background-size: cover !important;}\u00bb][vc_column]<div class=\"themestek-ihbox themestek-ihbox-style-4 themestek-ihbox-itype-icon \">\n\t<div class=\"themestek-sbox-bgimage-layer themestek-bgimage-layer\"><\/div>\n\t<div class=\"themestek-ihbox-wrapper-bg-layer themestek-bg-layer\"><\/div>\n\t<div class=\"themestek-ihbox-inner\">\n\t\t<div class=\"themestek-ihbox-icon\">\n\t\t\t<div class=\"themestek-ihbox-icon-wrapper\"><i class=\"themestek-cleaninco-business-icon themestek-cleaninco-business-icon-brush-2\"><\/i><\/div>\t\t<\/div>\n\t\t<div class=\"themestek-ihbox-contents\">\n\t\t\t<div class=\"themestek-vc_general themestek-vc_cta3 themestek-cta3-only themestek-vc_cta3-style-classic themestek-vc_cta3-shape-rounded themestek-vc_cta3-align-left themestek-vc_cta3-color-transparent themestek-vc_cta3-icon-size-md themestek-vc_cta3-actions-no themestek-cta3-without-desc\"><div class=\"themestek-vc_cta3_content-container\"><div class=\"themestek-vc_cta3-content\"><div class=\"themestek-vc_cta3-content-header themestek-wrap\"><div class=\"themestek-vc_cta3-headers themestek-wrap-cell\"><h2 class=\"themestek-custom-heading \">Obt\u00e9n un servicio profesional acorde a su presupuesto<\/h2>\n<\/div><\/div><\/div><\/div><\/div>\t\t\t\t\t\t\t\t<\/div><!-- .themestek-ihbox-contents -->\n\t<\/div>\n<\/div>\n\n\t\t<div class=\"themestek-vc_btn3-container themestek-vc_btn3-center vc_custom_1603777082000\"><a class=\"themestek-vc_general themestek-vc_btn3 themestek-vc_btn3-size-md themestek-vc_btn3-shape-square themestek-vc_btn3-style-flat themestek-vc_btn3-weight-no themestek-vc_btn3-color-inverse\" href=\"https:\/\/corporateservicesv.com\/web\/cotizacion\/\" title=\"Solicitar Cotizaci\u00f3n\">Solicitar Cotizaci\u00f3n<\/a><\/div>[\/vc_column][\/vc_row]<\/p>\n","protected":false},"excerpt":{"rendered":"<p>[vc_row themestek_bgimage_position=\u00bbcenter_bottom\u00bb full_width=\u00bbstretch_row\u00bb gap=\u00bb0px\u00bb css=\u00bb.vc_custom_1558587223426{padding-bottom: 120px !important;background-image: url(http:\/\/cleaninco.themestek2.com\/wp-content\/uploads\/2019\/05\/bg-07.png?id=10216) !important;background-position: 0 0 !important;background-repeat: no-repeat !important;}\u00bb el_class=\u00bbthemestek-servicebox-style-1-main\u00bb themestek_responsive_css=\u00bb60902714|colbreak_no|||||||||colbreak_no|||||||70||colbreak_no|||||||40|||colbreak_no|||||||||\u00bb][vc_column][\/vc_column][\/vc_row][vc_row full_width=\u00bbstretch_row\u00bb css=\u00bb.vc_custom_1557487300803{border-top-width: 1px !important;border-bottom-width: 1px !important;padding-top: 50px !important;border-top-color: #e5eff7 !important;border-top-style: solid !important;border-bottom-color: #e5eff7 !important;border-bottom-style: solid !important;}\u00bb][vc_column][\/vc_column][\/vc_row][vc_row themestek_textcolor=\u00bbwhite\u00bb full_width=\u00bbstretch_row\u00bb equal_height=\u00bbyes\u00bb css=\u00bb.vc_custom_1557487815381{padding-top: 71px !important;padding-bottom: 50px !important;background-image: url(http:\/\/cleaninco.themestek2.com\/wp-content\/uploads\/2019\/04\/bg-img.png?id=9388) !important;background-position: center !important;background-repeat: no-repeat !important;background-size: cover !important;}\u00bb][vc_column][\/vc_column][\/vc_row]<\/p>\n","protected":false},"author":1,"featured_media":0,"parent":0,"menu_order":1,"comment_status":"closed","ping_status":"closed","template":"","meta":[],"_links":{"self":[{"href":"https:\/\/corporateservicesv.com\/web\/wp-json\/wp\/v2\/pages\/10702"}],"collection":[{"href":"https:\/\/corporateservicesv.com\/web\/wp-json\/wp\/v2\/pages"}],"about":[{"href":"https:\/\/corporateservicesv.com\/web\/wp-json\/wp\/v2\/types\/page"}],"author":[{"embeddable":true,"href":"https:\/\/corporateservicesv.com\/web\/wp-json\/wp\/v2\/users\/1"}],"replies":[{"embeddable":true,"href":"https:\/\/corporateservicesv.com\/web\/wp-json\/wp\/v2\/comments?post=10702"}],"version-history":[{"count":10,"href":"https:\/\/corporateservicesv.com\/web\/wp-json\/wp\/v2\/pages\/10702\/revisions"}],"predecessor-version":[{"id":10758,"href":"https:\/\/corporateservicesv.com\/web\/wp-json\/wp\/v2\/pages\/10702\/revisions\/10758"}],"wp:attachment":[{"href":"https:\/\/corporateservicesv.com\/web\/wp-json\/wp\/v2\/media?parent=10702"}],"curies":[{"name":"wp","href":"https:\/\/api.w.org\/{rel}","templated":true}]}}